ppose -y*h = -18*h - 36. Calculate the highest common factor of 6 and h.
6
Let h = -86 - -87. What is the highest common divisor of 2 and h?
1
Let c = 14 + 14. What is the highest common factor of 252 and c?
28
Let l(a) = 2*a**3 - 6 - a**3 - 2*a + 3*a. Let k be l(0). Let j be 26/3 - 2/k. Calculate the highest common factor of j and 18.
9
Let c be (0 - 5)*(1 - 2). Suppose 202 = 3*t - c*x, 2*x + 2*x = 4*t - 256. Suppose -t = -3*k + 13. What is the greatest common factor of 24 and k?
24
Let q(n) = -2 + n**3 - 4 - 2*n**3 + 5*n**2. Let i be q(6). Let s = -22 - i. Calculate the greatest common divisor of s and 5.
5
Suppose -3*h = -4*y + 75, -y + 23 = -4*h + 1. Calculate the greatest common factor of 9 and y.
9
Suppose -2*o + 23 + 9 = 0. Suppose -k + 3*k - o = 0. Calculate the greatest common factor of 8 and k.
8
Let n be ((-30)/(-8))/((-2)/(-64)). Let j = -3 + 4. Let w be (-15)/(j*(-3)/3). What is the greatest common divisor of w and n?
15
Let n be (-140)/(-6) + 2/3. Let h be (12 - -2)*(-4 - (-408)/21). Calculate the greatest common divisor of h and n.
24
Suppose 0 = -3*u - 3*p + 2 + 1, 5*u - p = -13. Let l be (-4)/(-4) - 8/u. Let q be (6/4)/((-2)/(-20)). Calculate the greatest common factor of l and q.
5
Suppose 2*u + 644 = 3*c, 0*u + 2 = u. Calculate the greatest common factor of c and 24.
24
Let l(c) = c**2 + 9*c + 4. Let v be l(-8). Let a = v + 4. Let s = a + 4. Calculate the greatest common factor of 12 and s.
4
Let s(f) = -f**3 - f**2 - 4. Let h be s(3). Suppose 3*u + 26 = -4*n - 10, 0 = u + 4*n + 4. Let r = u - h. Calculate the greatest common divisor of r and 16.
8
Suppose 3*v - 22 = -d - 6, -5*v + 22 = -3*d. What is the highest common divisor of d and 8?
1
Suppose 1068 = 4*k - 5*p, 4*k - 3*p - 532 = 2*k. What is the greatest common divisor of 16 and k?
16
Let x(b) = -b**2 - 12*b + 7. Let y be x(-11). Calculate the highest common factor of y and 6.
6
Suppose 4*h - 43 = -3. Suppose z - 3 = 4*z + 4*k, 5*z - k - 18 = 0. Suppose -3*y + 27 = w - 77, z*y = -6. Calculate the greatest common factor of w and h.
10
Let x be 1135/35 - (-3)/(-7). Let g(z) = -5*z**3 + 2*z**2 - z - 2. Let s be g(-2). Calculate the highest common divisor of x and s.
16
Let p(q) = -q + 5. Let a = 9 + -14. Let o be p(a). Let l(g) = -g**3 + 12*g**2 - 12*g + 10. Let j be l(10). What is the highest common divisor of j and o?
10
Let r be 4/(1 - (1 - 1)). Let h = -1 - -11. Suppose -30 = -r*s + h. Calculate the highest common divisor of 25 and s.
5
Suppose 0 = 5*q - 293 + 118. Let o = -9 - -13. Suppose p = -o*p + 35. What is the greatest common divisor of q and p?
7
Suppose 2*z - 1 + 23 = 0. Let b be z/(-3*(-2)/36). Let w be b/(-4) + (-1)/2. What is the greatest common divisor of w and 8?
8
Let k = -365 - -545. Calculate the highest common factor of k and 18.
18
Let w(z) = 13*z**2 - 3*z - 2. Suppose -4*d - 9 = n, -3*d + n + 0 = 5. Let k be w(d). What is the highest common divisor of k and 7?
7
Let r(b) = b**2 + 13*b + 27. Let f be r(-11). Suppose -3*p = -h - 3*h + 5, -5*p - 1 = -3*h. Calculate the greatest common divisor of f and p.
1
Let y(g) = g**3 - 2*g - 1. Let u be y(2). Suppose -5*o + 48 = -u*x, -5*o = 3*x - 20 - 22. Calculate the greatest common factor of o and 1.
1
Let w = 313 + -143. What is the greatest common divisor of 10 and w?
10
Let c(d) = 5*d**2 + 1. Suppose 3*j = -2 - 1. Let n be c(j). What is the highest common factor of n and 6?
6
Let j be ((-12)/(-1) - 2) + (0 - 0). Calculate the greatest common divisor of 25 and j.
5
Let h(s) = -152*s - 5 + 11 - 4. Let k be h(-1). Let c be (-2)/(-9) - 124/(-9). Calculate the highest common factor of k and c.
14
Let j = -11 + 30. Let f = -10 + j. Suppose 54 = d + 4*s - 43, -3*s + 255 = 3*d. What is the highest common divisor of d and f?
9
Suppose 3*w + 3 = 4*w, 5 = 2*d - w. Calculate the highest common factor of d and 10.
2
Suppose -5*p = -2*p - 3*s - 123, 3*p = s + 131. Calculate the greatest common factor of 9 and p.
9
Let g = 40 + -20. Let a be 6 + (2 - (0 - -1)). Suppose -a*m = -3*m - 20. What is the highest common factor of m and g?
5
Let r(n) = n + 5. Let a be r(-5). Suppose b - 11 = -a*b. Calculate the greatest common factor of 33 and b.
11
Let m(f) = -f**2 + 7*f - 5. Let g be m(6). Suppose z + 4*t + 11 = 0, 0*z + 5*z - 70 = 5*t. Calculate the greatest common divisor of z and g.
1
Suppose -88 - 52 = -5*t. What is the highest common factor of 28 and t?
28
Suppose -3*p + 11 = 2*o, 4*o = -o - p + 21. Calculate the highest common divisor of o and 20.
4
Let j = 25 + -15. Calculate the highest common divisor of 20 and j.
10
Suppose -5*j = -3*j - 186. Let n = -72 + 103. What is the highest common factor of n and j?
31
Let h be (48/14)/(-1)*-7. Let w(c) = -c**2 - 7*c - 10. Let r be w(-7). Let u = h + r. What is the highest common factor of u and 98?
14
Let t = 0 - 3. Let f = 0 - t. Calculate the greatest common divisor of f and 9.
3
Let j be 18/4*70/3. Calculate the highest common factor of 70 and j.
35
Let t(h) = 3*h**2 + 1. Let y be t(-3). Let z(j) = -j**2 - 19*j - 76. Let o be z(-10). Calculate the highest common divisor of y and o.
14
Let h be -5 - -1 - 17/(-1). Let p = 101 - h. What is the highest common divisor of 8 and p?
8
Suppose 424 = 9*y - 1160. What is the greatest common divisor of 22 and y?
22
Let o be 12/(-2)*(1 + -6). Let a(n) = n**2 + 4*n - 3. Let u be a(-6). Suppose -2*c + 21 = -u. What is the greatest common divisor of c and o?
15
Let m(n) = -12*n. Let s be m(-1). Calculate the highest common divisor of 36 and s.
12
Let q be 7/(-1*3/3). Let h = 13 + q. Suppose 2*v + 4*u - 4 = 0, 8 - 2 = 3*v + 2*u. What is the greatest common divisor of v and h?
2
Suppose 4*b + 21 = 5*b. Calculate the highest common divisor of 14 and b.
7
Suppose -3*m = -5*u + 1059, -u + 0*u + 204 = 2*m. Suppose 0 = 3*t - 3*f - u, -2*f = -t + 82 - 14. What is the greatest common factor of 8 and t?
8
Let h = 695 + -682. Let i = 63 - 24. What is the highest common divisor of h and i?
13
Suppose 4*n - 2*m - 6 - 64 = 0, -66 = -4*n - 2*m. What is the highest common divisor of 34 and n?
17
Let k = -49 + 107. Calculate the greatest common divisor of k and 145.
29
Let q(t) = -t**2 + 32. Let l be q(0). Let x(d) = d + 1. Let u be x(-11). Let w be (-1)/(5/4)*u. Calculate the highest common factor of w and l.
8
Let d(c) = c**3 + 6*c**2 + 3. Let x be d(-6). Suppose 5*h + 2*n + x*n = -15, -5*h - 3*n = 5. Calculate the highest common factor of h and 18.
2
Let c = 27 + -18. Let k be c/2*(-4)/(-6). Suppose -2*s + 23 = 4*r - 45, -2*r = 5*s - 130. Calculate the highest common factor of k and s.
3
Let k(x) = 4*x - 4*x + x + 11. Let p be k(-5). Suppose z = 3*d - 32, 5*z - 1 + 17 = -d. Calculate the highest common divisor of d and p.
3
Let n = -35 + 135. Let j be 3 - -14*(-2)/(-4 - 0). Calculate the greatest common factor of j and n.
10
Let i = 9 + -12. Let y be ((-12)/(-10))/(i/(-30)). Let t be 84/10 - 2/5. Calculate the greatest common factor of t and y.
4
Suppose c = -0 + 7. Let s be 22 - -1 - (6 - c). Calculate the highest common factor of 72 and s.
24
Let h = 80 - 47. Calculate the greatest common factor of 22 and h.
11
Let l be 245/(-7)*4/(-10). What is the greatest common factor of 42 and l?
14
Let u = 10 - 5. Let d be -2 - ((0 - 0) + -2). Suppose 145 = 4*x - h, d = -2*x - h + 3*h + 80. What is the greatest common factor of u and x?
5
Let g(c) = c**3 + 3*c**2 - 2*c + 3. Suppose -2*v = -4 - 6. Let l = 2 - v. Let u be g(l). What is the highest common factor of u and 6?
3
Suppose -2*r = -4*r + 84. Suppose r + 12 = -a. Let n be (-6)/(-24) + a/(-8). Calculate the greatest common divisor of 7 and n.
7
Let m(n) = -6*n**3 + n**2 + 3*n + 3. Let o be m(-3). Let l be o/(-2)*18/(-27). What is the greatest common divisor of 22 and l?
11
Let y = 4 - 5. Let z(l) = -l**3 - l**2. Let p be z(y). Let u = p - -7. Calculate the greatest common factor of u and 7.
7
Let a(h) be the second derivative of 7*h**4/12 + h**3/3 - h**2/2 - 4*h. Let b be a(1). Calculate the greatest common factor of 4 and b.
4
Let c be (-22)/(-33) - 193/(-3). Let n be 3/(9/(-2))*-6. Suppose i - n*u + 7 = 40, 5*i - 5*u = 90. What is the highest common divisor of i and c?
13
Let g be 1*(2 + 1 + 0). Suppose -5*s + 16 = -89. What is the greatest common factor of g and s?
3
Suppose 3*i - 7*i = -16, -i - 56 